 divisor of o and 60?
12
Let k = 3 - -123. Suppose 0 = -3*w + t + 45, -w - 4 = -4*t - 30. Suppose 0 + w = x. What is the highest common divisor of x and k?
14
Let p = -4 - -10. Suppose -12*w + 224 - 1364 = 0. Let k = 110 + w. Calculate the highest common factor of p and k.
3
Suppose h = -2*g - 10*h - 37, -h - 107 = -5*g. Calculate the greatest common factor of 8180 and g.
20
Suppose -3*n = 3*n - 192. Suppose 0 = -3*c - 4*i + n + 45, -i - 35 = -c. Calculate the highest common divisor of c and 310.
31
Let c = 18 - 5. Let r(b) = 6*b + 57. Let l be r(c). Calculate the greatest common divisor of 30 and l.
15
Suppose 0 = -i - 4*v + 37, 7*i - 4*v = 3*i + 188. Let h = i + -21. Suppose -33 = 2*m - 81. What is the greatest common divisor of m and h?
24
Let x = 14323 - 7538. What is the highest common divisor of x and 295?
295
Suppose -4*o = 3*n - 20340, 13*o + 3 = 12*o. Calculate the greatest common factor of n and 128.
128
Suppose 0*o - o - 4 = -3*b, -3*o + 5*b + 4 = 0. Suppose -o*m + 110 = 62. What is the greatest common divisor of m and 34?
2
Suppose -4*l + 3*r + 362 = 0, l + r = 84 + 10. Let q be l/4*3 + -9. Let i be (-2)/(-8) - 188/(-16). Calculate the greatest common divisor of i and q.
12
Let k(h) = -h**3 - 13*h**2 - 4*h + 9. Let n be k(-13). Let c be n - 25/((-5)/1). Suppose 0 = 12*b - 66 - c. What is the greatest common factor of 88 and b?
11
Let m(o) = -2*o + 248. Let k be m(8). What is the highest common factor of k and 24?
8
Let j(v) = -v**2 + 89*v - 148. Let x be j(63). What is the greatest common divisor of 20 and x?
10
Suppose 0 = 25*k - 25 - 400. Suppose -113 = -x + k. What is the greatest common factor of 30 and x?
10
Suppose -p + 2310 = 4*p. Let o(g) = g**3 + 19*g**2 + 2*g + 59. Let b be o(-19). What is the highest common divisor of p and b?
21
Suppose 0*x = -2*x - 5*l + 27, 0 = 2*x + 2*l - 18. Suppose -5*a = -3*b + x*b - 31, 17 = 3*a + b. Calculate the greatest common divisor of a and 80.
5
Let c(n) = -2*n - 46. Let u be c(-32). Suppose -s + 6 + u = k, -5*s + 2*k + 141 = 0. Calculate the highest common divisor of 9 and s.
9
Suppose 3*v - 13 = r, 0 = -3*v - 3*r - 17 + 14. Calculate the highest common factor of 123 and v.
3
Suppose -2*i = 2*f + 10, 33 = -3*i + 3*f - 0*f. Let d be (i - -4)/(2/(-4)). What is the highest common factor of 24 and d?
8
Suppose 0 = q + y + 2*y + 8, 12 = -3*y. Suppose 0 = -q*r - 27 + 75. What is the highest common divisor of 324 and r?
12
Let q(m) = 41*m**2 - m. Let h be q(-1). Let j(w) = w**3 + 14*w**2 + 16*w + 9. Let t be j(-12). Calculate the highest common factor of t and h.
21
Suppose 2*w - 108 = -4*c, 3*w + 2*w - 300 = 5*c. Let a be 8*((-105)/(-4))/(-5). Let q = w + a. What is the highest common divisor of 16 and q?
16
Suppose -j - a + 19877 = 0, 2*a - 59204 = -3*j + 431. What is the greatest common divisor of 9 and j?
9
Let a be 72/14 + (-8)/56. Suppose -7*q = a*q - 192. Calculate the highest common divisor of 64 and q.
16
Let h(m) = -44*m. Let o be h(-2). Suppose 2305*x + 2237*x - 267*x = 658350. Calculate the greatest common divisor of o and x.
22
Suppose 2*i = -5*p + 630, -3 = 2*i + 2*p - 639. What is the greatest common divisor of 45 and i?
5
Let p(o) = -2*o - 24 + 0 + 2*o + 5*o. Let d be p(5). Let r = d - -42. Calculate the highest common divisor of 86 and r.
43
Let c(t) = 3312*t**3 + 24*t**2 - 24*t - 1. Let r be c(1). Calculate the highest common divisor of r and 11.
11
Let w = 73 - 77. Let m be 40/(-24) + w/(-6). Let y be 38/m*16/(-8). Calculate the greatest common divisor of y and 57.
19
Let l be (28458/6 - -6) + 19. What is the greatest common divisor of l and 160?
32
Let s(y) = y - 8. Let f be s(9). Let j be (-25)/(4 + -3 + f)*-2. What is the highest common factor of j and 225?
25
Let m = 3 + 14. Suppose 4*r - m = -0*w - 5*w, -r + w = 7. Let a be 11/(-22)*(r + -60). Calculate the greatest common factor of 124 and a.
31
Suppose 0 = 4*d + d - 775. Let c(y) = -1338*y - 20039. Let b be c(-15). What is the highest common divisor of b and d?
31
Suppose -5*q + 5 = 0, 5*l + 5*q - 38 = -13. Suppose l*s - 5*o - 50 = 0, 10 = 2*s - o - 18. Calculate the greatest common factor of 375 and s.
15
Suppose 7*q + 730 = -187. Let s = q + 535. Suppose 5*j + 159 = s. What is the greatest common factor of j and 7?
7
Suppose -289 = -6*j + j - 2*f, 118 = 2*j + 2*f. Let t = -325 - -458. Calculate the greatest common divisor of j and t.
19
Let p(l) = -2*l**3 + 14*l**2 - 17*l - 9. Let v be p(4). Suppose 0 = -y - y. Suppose -t + 12 + 7 = y. What is the greatest common divisor of v and t?
19
Let h = -813 + 1749. Calculate the highest common factor of 18 and h.
18
Suppose 151*d = 174*d - 552. What is the greatest common divisor of 72 and d?
24
Suppose 3*n + 2*a + 28 = 0, 5*n - 5*a + 49 = -31. Let c be ((-126)/n)/(27/18). Calculate the highest common divisor of c and 427.
7
Let v(x) = -37*x - 1477. Let a be v(-49). Calculate the greatest common divisor of 15 and a.
3
Let n(s) = -s**3 + 5*s**2 + 5*s + 18. Let q be -3 + (1 - 10)/(-1). Let b be n(q). What is the highest common divisor of 30 and b?
6
Let r = 619 + -203. What is the greatest common factor of r and 26?
26
Let p be 4/((-140)/147)*-45. Calculate the greatest common factor of p and 216.
27
Let k(i) = i**2 + 16*i + 23. Let v be 3 + (144 - 0/(-2)). Suppose -9*w - v = -2*w. Let c be k(w). What is the greatest common divisor of c and 8?
8
Suppose 5*y + t = 346, -3*t = 7 + 5. Suppose -11*x - 72 = 60. Let p be 4/(x/(-9)) - (-14)/2. What is the greatest common divisor of p and y?
10
Suppose -15*r - 48 = -39*r. Suppose t = r*c - 13, -17 = -0*c + 2*c + 5*t. Calculate the highest common factor of 28 and c.
4
Let c(b) = 12*b - 181. Let l = 37 - 18. Let w be c(l). Calculate the highest common divisor of 188 and w.
47
Let x(f) = -f**2 - 29*f - 204. Let p be x(-10). Let q be (p*(-16)/(-6))/((-54)/81). What is the greatest common factor of q and 84?
28
Let t be 3/(-5) - (-452)/20. Let m be ((-6)/(1 + 51/(-57)))/(-1). Suppose u = 4*x + 75, -2*x = u - m + 12. Calculate the greatest common divisor of u and t.
11
Suppose 16*t + 264 - 3752 = 0. Calculate the greatest common divisor of t and 6431.
109
Let o = -97 - -87. Let q be o/(-3)*-3*(-2)/4. Suppose -q*r + m - 6*m + 90 = 0, r = -4*m + 24. Calculate the greatest common divisor of r and 8.
8
Suppose -476 = -10*f + 1084. Calculate the greatest common divisor of 432 and f.
12
Suppose 11*q + 98 - 120 = 0. Let u(c) = 3*c**2. Let g be u(-2). Suppose -g = -2*f + 12. Calculate the highest common divisor of q and f.
2
Let g = -3817 - -3822. What is the greatest common factor of 4460 and g?
5
Suppose 0*r + 5*r - b = 95, 5*b = 8*b. What is the greatest common divisor of 30077 and r?
19
Suppose -2*t + 6 = 0, -13*s + 8*s + t + 102 = 0. Calculate the highest common divisor of 195 and s.
3
Let v(c) = -11*c + 105. Suppose 29*i + 70 - 331 = 0. Let p be v(i). What is the highest common factor of p and 54?
6
Let c = 14 + -7. Let x(n) = -8*n - 2 + 4 + 12 + 7*n. Let p be x(-14). What is the highest common divisor of p and c?
7
Let v be ((-8)/(-4) + 6)*(-1 - -6). Suppose 38*g + 204 = v*g. Calculate the greatest common divisor of g and 306.
102
Suppose 5*k - 380 = -2*y, 3*y - 2*k = 3*k + 570. Let b = y - 269. Let p = -1 - b. Calculate the greatest common factor of 52 and p.
26
Let d(u) = -u**3 + 8*u**2 + 8*u + 12. Let g be d(9). Suppose 7*r - g = 669. What is the greatest common divisor of 36 and r?
12
Suppose -20*w + 1052 + 940 = 492. What is the highest common factor of w and 5520?
15
Let a = 11848 + -10841. Suppose 5*z - 63 = -c, 0*z + z - 2 = 0. Calculate the greatest common divisor of c and a.
53
Let r be (-8)/3*(11 - -7). Let h = r - -52. Let z be (h/6)/(-6*(-1)/225). Calculate the greatest common divisor of z and 10.
5
Let d = 25 + -21. Let c be (d - 76)*1/(-1). What is the greatest common divisor of c and 48?
24
Let v(z) = 7*z - 44. Suppose -75 = -5*o + h, 0 = 2*o - 3*h - 0*h - 30. Let w be v(o). Let a = w + -29. What is the highest common factor of a and 8?
8
Suppose 4*x + 7*x - 55 = 0. Suppose 15*q - x*q = 760. Let z be (-8 - -7)*((-1)/1 - 18). What is the highest common divisor of z and q?
19
Suppose h - 5*r = -3*r + 124, 4*h - 497 = 7*r. Calculate the highest common factor of 13482 and h.
126
Let a be (-330)/(-21) - (-2)/7. Let f = -5191 + 